{"id":18,"date":"2022-03-14T14:22:07","date_gmt":"2022-03-14T13:22:07","guid":{"rendered":"https:\/\/wjabloniowymsadzie.pl\/?page_id=18"},"modified":"2022-03-14T16:37:57","modified_gmt":"2022-03-14T15:37:57","slug":"witaj","status":"publish","type":"page","link":"https:\/\/wjabloniowymsadzie.pl\/","title":{"rendered":"Witaj"},"content":{"rendered":"\n<p>Zapraszamy do naszego domu stoj\u0105cego we wsi Je\u017cyce, po\u0142o\u017conej niedaleko t\u0119tni\u0105cego turystycznym gwarem w sezonie Dar\u0142\u00f3wka. Blisko\u015b\u0107 morza (10 km) sprawia, \u017ce lokalizacja naszego domu jest bardzo atrakcyjna zar\u00f3wno latem jak i zim\u0105. Usytuowanie nieopodal las\u00f3w, \u015bcie\u017cek nadaj\u0105cych si\u0119 na piesze i rowerowe wycieczki sprawia, \u017ce pobyt \u201eW jab\u0142oniowym sadzie\u201d mo\u017ce by\u0107 przyjemny o ka\u017cdej porze roku. Do dyspozycji Go\u015bci oddajemy 4 pokoje 2,3,4-osobowe z \u0142azienkami i dost\u0119pem do wsp\u00f3lnej kuchni i jadalni. W ogrodzie znajduje si\u0119 boisko do gry w siatk\u00f3wk\u0119, miejsce na ognisko, miejsce na grilla, piaskownica ze zje\u017cd\u017calni\u0105 i wiele innych. Bibliofile mog\u0105 zaszy\u0107 si\u0119 w hamaku, na le\u017caku lub zwyczajnie pod ko\u0142dr\u0105 z ksi\u0105\u017ck\u0105, kt\u00f3rych wyb\u00f3r pozostaje do dyspozycji Go\u015bci, podobnie jak kolekcja gier planszowych stanowi\u0105cych doskona\u0142\u0105 zabaw\u0119 dla ca\u0142ej rodziny. Mile widziani s\u0105 Go\u015bcie ze zwierz\u0119tami, gdy\u017c w\u0142a\u015bciciele to entuzja\u015bci czworono\u017cnych przyjaci\u00f3\u0142.<\/p>\n\n\n\n<div class=\"wp-block-image\"><figure class=\"aligncenter size-large\"><img decoding=\"async\" src=\"https:\/\/wjabloniowymsadzie.pl\/wp-content\/uploads\/2022\/03\/cropped-IMG_0118-scaled-1-1024x347.jpg\" alt=\"\" class=\"wp-image-11\"\/><\/figure><\/div>\n","protected":false},"excerpt":{"rendered":"<p>Zapraszamy do naszego domu stoj\u0105cego we wsi Je\u017cyce, po\u0142o\u017conej niedaleko t\u0119tni\u0105cego turystycznym gwarem w sezonie Dar\u0142\u00f3wka. Blisko\u015b\u0107 morza (10 km) sprawia, \u017ce lokalizacja naszego domu jest bardzo atrakcyjna zar\u00f3wno latem jak i zim\u0105. Usytuowanie nieopodal las\u00f3w, \u015bcie\u017cek nadaj\u0105cych si\u0119 na piesze i rowerowe wycieczki sprawia, \u017ce pobyt \u201eW jab\u0142oniowym sadzie\u201d mo\u017ce by\u0107 przyjemny o ka\u017cdej &hellip; <\/p>\n<p class=\"link-more\"><a href=\"https:\/\/wjabloniowymsadzie.pl\/\" class=\"more-link\">Continue reading<span class=\"screen-reader-text\"> &#8222;Witaj&#8221;<\/span><\/a><\/p>\n","protected":false},"author":1,"featured_media":0,"parent":0,"menu_order":0,"comment_status":"closed","ping_status":"closed","template":"","meta":{"_regular_price":[],"currency_symbol":[],"ngg_post_thumbnail":0,"pgc_sgb_lightbox_settings":"","footnotes":""},"class_list":["post-18","page","type-page","status-publish","hentry"],"post_slider_layout_featured_media_urls":{"thumbnail":"","post_slider_layout_landscape_large":"","post_slider_layout_portrait_large":"","post_slider_layout_square_large":"","post_slider_layout_landscape":"","post_slider_layout_portrait":"","post_slider_layout_square":"","full":""},"_links":{"self":[{"href":"https:\/\/wjabloniowymsadzie.pl\/index.php\/wp-json\/wp\/v2\/pages\/18","targetHints":{"allow":["GET"]}}],"collection":[{"href":"https:\/\/wjabloniowymsadzie.pl\/index.php\/wp-json\/wp\/v2\/pages"}],"about":[{"href":"https:\/\/wjabloniowymsadzie.pl\/index.php\/wp-json\/wp\/v2\/types\/page"}],"author":[{"embeddable":true,"href":"https:\/\/wjabloniowymsadzie.pl\/index.php\/wp-json\/wp\/v2\/users\/1"}],"replies":[{"embeddable":true,"href":"https:\/\/wjabloniowymsadzie.pl\/index.php\/wp-json\/wp\/v2\/comments?post=18"}],"version-history":[{"count":4,"href":"https:\/\/wjabloniowymsadzie.pl\/index.php\/wp-json\/wp\/v2\/pages\/18\/revisions"}],"predecessor-version":[{"id":98,"href":"https:\/\/wjabloniowymsadzie.pl\/index.php\/wp-json\/wp\/v2\/pages\/18\/revisions\/98"}],"wp:attachment":[{"href":"https:\/\/wjabloniowymsadzie.pl\/index.php\/wp-json\/wp\/v2\/media?parent=18"}],"curies":[{"name":"wp","href":"https:\/\/api.w.org\/{rel}","templated":true}]}}